78738 a multiple of 71?
True
Does 543 divide 19862397?
True
Is 244 a factor of 10623093?
False
Is 3592 a factor of 528293443?
False
Is 1613346588 a multiple of 21?
True
Does 6 divide 35281552?
False
Does 23 divide 2258489?
False
Does 422 divide 102019102?
False
Is 945426182 a multiple of 26?
False
Is 214 a factor of 68913280?
False
Is 49 a factor of 105455007?
True
Is 24146716 a multiple of 2878?
False
Is 73 a factor of 108396541?
False
Does 2 divide 55278864?
True
Is 8 a factor of 2505408484?
False
Is 211053955 a multiple of 41?
False
Is 32 a factor of 735223136?
True
Is 932745164 a multiple of 1114?
False
Is 994 a factor of 1446958247?
False
Does 255 divide 2056645635?
True
Is 1254899295 a multiple of 423?
True
Is 452320044 a multiple of 4775?
False
Does 183 divide 307750002?
True
Does 3 divide 287074?
False
Is 73 a factor of 12190416?
True
Does 1638 divide 104284908?
True
Is 482361704 a multiple of 23?
True
Does 53 divide 316693500?
False
Does 4228 divide 15766633?
False
Is 46 a factor of 9395178?
True
Is 166859520 a multiple of 95?
True
Is 264 a factor of 278186806?
False
Does 3412 divide 3102896684?
True
Is 16420857 a multiple of 389?
True
Does 1051 divide 14604078?
False
Is 53 a factor of 3074799293?
True
Is 44 a factor of 830494108?
False
Is 234 a factor of 55267758?
True
Is 31642694 a multiple of 9?
False
Is 200026365 a multiple of 11?
True
Does 9 divide 506944116?
True
Is 35520430 a multiple of 194?
True
Does 5064 divide 12930254?
False
Is 1043371810 a multiple of 26?
True
Is 936 a factor of 43449182?
False
Is 8223667513 a multiple of 30?
False
Is 193618427 a multiple of 305?
False
Is 162847853 a multiple of 283?
False
Does 23 divide 1789282835?
False
Is 156 a factor of 335850372?
True
Is 1343 a factor of 13863789?
True
Is 27442691 a multiple of 293?
False
Is 144398728 a multiple of 3398?
False
Does 363 divide 397505562?
False
Is 1235949716 a multiple of 1999?
True
Is 1220 a factor of 330733810?
False
Is 15 a factor of 62854365?
True
Is 54295111 a multiple of 42?
False
Does 15 divide 2676866?
False
Does 1656 divide 71549136?
True
Is 13275459 a multiple of 54?
False
Is 154519344 a multiple of 359?
True
Does 231 divide 746763633?
True
Is 352 a factor of 32630297?
False
Does 4 divide 196158396?
True
Is 44 a factor of 129285420?
True
Is 120814404 a multiple of 1300?
False
Does 59 divide 755908?
True
Does 398 divide 1214935780?
False
Is 174803806 a multiple of 55?
False
Is 617 a factor of 12884811?
True
Is 65 a factor of 198800940?
True
Is 1491176232 a multiple of 11466?
True
Is 52 a factor of 35923520?
False
Is 1789742455 a multiple of 41?
True
Does 3595 divide 210619582?
False
Does 14 divide 180342247?
False
Is 478402580 a multiple of 292?
True
Does 251 divide 10604540?
False
Is 664 a factor of 52984544?
True
Does 6 divide 94494105?
False
Is 23 a factor of 60589498?
True
Is 228 a factor of 17267124?
True
Is 1009256088 a multiple of 12?
True
Does 23 divide 1883107602?
False
Is 851659031 a multiple of 75?
False
Does 472 divide 10456209?
False
Does 26 divide 747217337?
False
Does 137 divide 288127577?
True
Does 160 divide 27575628?
False
Is 220549198 a multiple of 262?
False
Is 15 a factor of 3419191532?
False
Is 20836034 a multiple of 1460?
False
Does 61 divide 876422197?
True
Is 294356177 a multiple of 32?
False
Does 17 divide 3483905914?
True
Is 4 a factor of 70366498?
False
Does 18 divide 5979942?
True
Is 3 a factor of 211716941?
False
Is 753434926 a multiple of 67?
False
Is 4738598 a multiple of 46?
True
Is 1177 a factor of 67270258?
True
Does 1681 divide 1110413127?
True
Is 490 a factor of 277128320?
True
Is 146339978 a multiple of 5255?
False
Does 14 divide 2735600833?
False
Is 32 a factor of 8262587?
False
Does 95 divide 210367240?
True
Is 14 a factor of 35597941?
False
Is 6 a factor of 3985129?
False
Is 3660285818 a multiple of 2424?
False
Is 20453958 a multiple of 21?
True
Is 268873279 a multiple of 2341?
False
Does 26 divide 166643282?
True
Is 81 a factor of 73733004?
True
Is 56 a factor of 226204232?
False
Is 322 a factor of 5184200?
True
Does 15 divide 14691871?
False
Does 2 divide 166792539?
False
Is 23195619 a multiple of 693?
False
Is 1465392072 a multiple of 1519?
False
Is 552738591 a multiple of 9?
True
Is 530654151 a multiple of 87?
True
Is 287198612 a multiple of 99?
False
Is 4226362 a multiple of 41?
True
Does 10 divide 22401347?
False
Is 9 a factor of 188138?
False
Is 745790598 a multiple of 42?
True
Is 2551069690 a multiple of 12?
False
Does 6 divide 1840854805?
False
Does 4 divide 235186100?
True
Is 103858081 a multiple of 4?
False
Does 348 divide 19239596?
False
Is 58 a factor of 721483924?
True
Is 51 a factor of 857313917?
False
Does 15 divide 491038305?
True
Is 2881 a factor of 642733728?
False
Is 52724602 a multiple of 14?
True
Is 938 a factor of 3694782?
True
Is 1911928 a multiple of 5278?
False
Does 117 divide 94602351?
False
Does 111 divide 9328546?
False
Does 15 divide 29314410?
True
Does 180 divide 956939563?
False
Does 21 divide 162361437?
True
Does 172 divide 48310012?
False
Does 20 divide 679129155?
False
Is 487256176 a multiple of 621?
False
Is 1321961984 a multiple of 713?
False
Is 52093837 a multiple of 18?
False
Is 4 a factor of 27644262?
False
Is 41 a factor of 22314875?
False
Does 35 divide 106274840?
True
Is 4868958 a multiple of 74?
False
Is 800 a factor of 591891980?
False
Does 311 divide 230038147?
False
Is 58 a factor of 142889090?
True
Is 4 a factor of 43222065?
False
Does 276 divide 170645051?
False
Does 195 divide 25286430?
True
Does 2287 divide 22541303?
False
Is 8275 a factor of 739233033?
False
Is 830 a factor of 27287080?
True
Is 25 a factor of 76773039?
False
Does 2674 divide 62751103?
False
Does 36 divide 16622135?
False
Does 2678 divide 173507620?
True
Is 16008567 a multiple of 516?
False
Does 1302 divide 28393352?
False
Does 35 divide 63286125?
True
Is 2 a factor of 1738726?
True
Does 1919 divide 13517436?
True
Is 324004993 a multiple of 107?
False
Does 6 divide 22774194?
True
Is 25 a factor of 65038337?
False
Is 162000124 a multiple of 13?
True
Is 1151050110 a multiple of 70?
True
Is 309 a factor of 40478091?
False
Does 518 divide 4402921?
False
Is 46 a factor of 301379?
False
Is 344076 a multiple of 3?
True
Is 101 a factor of 2097099046?
False
Is 77 a factor of 116352698?
True
Is 93128077 a multiple of 29?
True
Is 247224761 a multiple of 5?
False
Does 477 divide 3816713592?
True
Is 266964110 a multiple of 237?
False
Does 215 divide 42156985?
True
Is 1656 a factor of 112256928?
True
Is 10 a factor of 864920?
True
Is 694655356 a multiple of 12?
False
Does 534 divide 64702644?
True
Is 24 a factor of 266825425?
False
Does 193 divide 786208239?
False
Does 70 divide 9028351?
False
Does 74 divide 3080620?
True
Does 2136 divide 131543333?
False
Is 1218493693 a multiple of 103?
False
Is 130726975 a multiple of 1775?
True
Is 942 a factor of 3829266?
False
Is 79512489 a multiple of 63?
True
Is 789533557 a multiple of 422?
False
Does 381 divide 50996732?
False
Is 248 a factor of 135119080?
True
Does 14 divide 5539842?
True
Does 245 divide 680443176?
False
Is 4974619615 a multiple of 4386?
False
Is 36 a factor of 253779264?
True
Is 110 a factor of 150632680?
True
Is 974 a factor of 277642679?
False
Is 639 a factor of 1401206229?
True
Does 48 divide 1300009770?
False
Is 2642094 a multiple of 819?
True
Is 14 a factor of 10929800?
True
Does 27 divide 43980408?
True
Is 407469746 a multiple of 2980?
False
Is 113873441 a multiple of 19?
True
Is 25 a factor of 1589153004?
False
Is 1113 a factor of 324696680?
False
Is 16 a factor of 124293026?
False
Is 819696791 a multiple of 10?
False
Is 146296125 a multiple of 375?
True
Is 105656657 a multiple of 11?
False
Is 261 a factor of 179754358?
False
Is 245 a factor of 200350263?
False
Is 15 a factor of 135221021?
False
Is 37 a factor of 282544778?
False
Is 2174961358 a multiple of 41?
True
Is 15 a factor of 131659912?
False
Is 95435665 a multiple of 1783?
False
Does 22 divide 1239677966?
False
Is 13 a factor of 11523824?
True
Does 110 divide 9854515?
False
Is 950 a factor of 18669400?
True
Is 57 a factor of 83868945?
True
Does 16 divide 1047286164?
False
Is 2237 a factor of 178669190?
True
Is 21449970 a multiple of 738?
True
Is 4592 a factor of 23039254